et s(u) = -2*u + 1. Let p be s(3). Let v(k) = -2 + 3*k**3 - 2*k**3 + 5*k - 2*k**2 + 8*k**2 + 8. Determine v(p).
6
Let i(s) = 3*s - 6. Let g(a) = 1. Let z(f) = -6*g(f) - i(f). What is z(2)?
-6
Let d(n) = -n**2 + 5*n - 4. Suppose 3*u + 2*i = -i, i = 4*u - 20. Give d(u).
0
Let h(v) be the third derivative of v**6/60 + v**4/24 + v**3/6 - 4*v**2. Let o = 2 - 3. Determine h(o).
-2
Let l(z) = z - 13*z**3 + 0*z**3 - 1 + 2 - 6*z**3. What is l(-1)?
19
Let b(y) be the third derivative of y**6/40 - y**4/6 + y**3/2 - 3*y**2. What is b(2)?
19
Let w(g) = -15*g**2 - 18*g**2 - 2*g**2 + 59*g**2 + g. Calculate w(-1).
23
Suppose 2*p - 27 = 3*c - p, -5*c = 3*p + 5. Let k = c - -1. Let v be (1 - 5)*k/4. Let b(t) = t**3 - t**2 - 3*t - 3. Calculate b(v).
6
Let y(w) = w**3 - 5*w**2 + 9*w + 3. Let n(r) = -r**3 + 4*r**2 - 9*r - 4. Let c(t) = 4*n(t) + 5*y(t). Give c(8).
7
Let d(a) = -2 + 2*a - a + 3. Suppose -2*u = -5*w + 23, 3*w + 0*w - 20 = -5*u. Let c(f) = 5*f + 6. Let k(r) = u*c(r) - 4*d(r). What is k(2)?
4
Let x(v) = v**2 - 6*v - 5. Let a(q) = q**3 + q**2 + q - 12. Let n be a(0). Let d = n + 18. Give x(d).
-5
Suppose 5*c - 25 = -5*g, -4*c - 4 = -5*g + g. Let y(p) = -3 - 6*p + p**2 + c + 3. Calculate y(6).
2
Let y(m) = m**3 - m**2 + m - 1. Let b(a) = -3*a**3 - a**2. Let l be b(-1). Suppose l*u - 3 = 1. Suppose -u*z + 3 = z. Calculate y(z).
0
Let g(c) = c + 7. Let r(p) = -2. Let d(z) = -g(z) - 2*r(z). Determine d(-7).
4
Let x(r) = -r - 2. Let u be x(-4). Let a(n) = -u*n - n - 1 + 2*n. Suppose 1 = 2*f - 5. Calculate a(f).
-4
Let j be 0 + (-1)/1 - -1. Let x(v) = v**3 - 5. Give x(j).
-5
Let f(v) = 5*v**2 + 1. Let l be (-3)/2*8/6. Let c be 2 + (l - (0 + 0)). Suppose s + 3 = -2*m - 0*s, c = -2*m + 2*s. Determine f(m).
6
Let w(b) = 2*b - 16. Let z be w(8). Let i(t) = -t**2 - t + 5. Calculate i(z).
5
Let j(i) = -i**2 + 4*i - 2. Suppose 0 = 3*k - 12 - 3. Suppose 3*d + 0 + 6 = -3*l, 0 = k*d + 3*l. What is j(d)?
1
Let r(v) = 5*v - 14. Let c(p) = 4*p - 13. Suppose -4 = 3*j - 22. Let u(w) = j*c(w) - 5*r(w). What is u(-4)?
-4
Let i be -3 + 7 + 2 + -4. Let v(h) = h + 2 - i. Give v(-3).
-3
Let t(f) = -2*f + f**3 - 3*f - 5 + 7 + 4*f**2 - 3. Let q(u) = -u**2. Let h(g) = -2*q(g) - t(g). What is h(-4)?
13
Let u(n) = n + 2 + n**2 - 2*n**2 + 2*n**2. Let k(s) = s + 1. Let o(y) = -k(y) + u(y). Let x(w) = w**2 - 8*w - 4. Let d(b) = 2*o(b) - x(b). Give d(-5).
-9
Let m(p) = -p + 5. Let s be m(11). Let v(j) = -j**2 - 8*j - 5. Determine v(s).
7
Let y(i) = i - 2*i + 6 - 9. Let a(u) = u - 10. Let k be a(10). Calculate y(k).
-3
Let q be -2*1*(-1)/(-2). Let j be ((-2)/(-2))/(2 + q). Let t(p) = -p**2 + 0 + 2*p**2 + j. Determine t(-2).
5
Let a = -4 + 8. Suppose -a*m - 15 = 3*h - m, -2*h + 4*m + 8 = 0. Let f(w) = 2*w**3 + 2*w**2 - w + 2. Determine f(h).
-4
Suppose 4*c + c = 0. Suppose 0*f = f - 4*g + 25, -4*f - 4*g = c. Let h(m) = -m - 4. What is h(f)?
1
Suppose 36 + 27 = -9*v. Let q(b) be the third derivative of b**6/120 + 2*b**5/15 + 5*b**4/24 - 4*b**3/3 + b**2. Calculate q(v).
6
Let v be (0 - (-1 - -2))/((-3)/(-6)). Let f(d) = 2*d**2 + 4*d + 2. What is f(v)?
2
Let u be (-8)/40 - (-28)/(-10). Let k be u/((-1)/(-3)*-1). Suppose k = v + 2*v. Let m(x) = -x**3 + 3*x**2 - 4. Give m(v).
-4
Suppose 5 = -3*r + 4*h, -2*h = 2*r - h - 15. Let z(n) be the first derivative of -1/2*n**2 - 2 + 5*n. Determine z(r).
0
Let f(z) = -z**2 - 6*z - 7. Let l be f(-6). Let k be l/3 + (-14)/21. Let w(o) = -o**2 + o + 4. Calculate w(k).
-8
Suppose -5*y = -5*w - 20, -2*y - 4*w + 0 = -2. Let x(t) = -t**3 + 3*t**2 - 3*t + 2. Determine x(y).
-7
Let u(b) = 3*b + 5. Let z(a) = -4*a - 8. Let o(d) = -7*u(d) - 5*z(d). Calculate o(-5).
10
Let l(j) be the third derivative of -j**6/120 + j**5/60 + j**4/24 + 10*j**3/3 - 17*j**2. What is l(0)?
20
Let f(b) = b**2 - 4*b + 5. Let t(j) = 2*j**2 - 5*j + 6. Let y(v) = 3*f(v) - 2*t(v). Let m be ((-6)/3 + 4)*-2. Determine y(m).
-5
Let g(a) = 6*a**3 - 2*a**2 + 1. Suppose 4*y - 3*j - 8 = 0, 3*j = -4*y - 0 + 8. Suppose -1 = y*r - 5. Let i be (r/(-1 + 0))/(-2). Determine g(i).
5
Let j(f) = -7*f - 2. Let y(n) = 8*n + 2. Let p(c) = -5*j(c) - 4*y(c). Let o be (-1 - 0/1) + -5. Let v(i) = -i**3 - 5*i**2 + 7*i + 3. Let u be v(o). Give p(u).
-7
Let s(i) be the first derivative of -3*i**2/2 + i + 1. Let o(x) = -x + 4*x + 8 - 2*x + 0. Let w be o(-6). Determine s(w).
-5
Let y(b) = -b**2 + 6*b. Suppose 0 = -3*m - 0 + 15. Let k be y(m). Let j(w) be the first derivative of w**3/3 - 3*w**2/2 - 7*w - 1. Give j(k).
3
Let g(d) = -d + 1. Let n(v) = -v**2 - 12*v + 4. Let k(l) = 6*g(l) - n(l). What is k(-4)?
-6
Suppose -4*u = -58 + 14. Let q(v) = -u*v + v**2 - 3 + 9*v + 5*v. Give q(-3).
-3
Let f(o) be the first derivative of -o**4/4 - 5*o**3/3 + o**2/2 - 3*o + 2. Let r(v) = -6*v**2 + 3*v**2 + 1 - v**2 + 2*v. Let a be r(-1). Determine f(a).
-8
Let h(r) = -r**3 - 9*r**2 - 9*r - 10. Let j be h(-8). Let t = 0 - j. Let l(u) = u**2 - 6*u + t + 6 - 2*u. Calculate l(6).
-4
Let h(u) be the third derivative of u**2 - 1/24*u**4 - 1/12*u**5 + 0 + 0*u + 1/6*u**3. Determine h(1).
-5
Let p(r) = r + 4. Let j be p(0). Let s = j + -6. Let t be (-7)/s + 1/(-2). Let x(b) = b**3 - 2*b**2 - 3*b - 3. Give x(t).
-3
Let w(n) be the third derivative of 0 + 0*n**3 + 0*n + 1/24*n**4 + 1/12*n**5 + 1/120*n**6 - 3*n**2. Suppose 0*u - 4*u = 20. Calculate w(u).
-5
Let p(i) = 42*i + 0 - 41*i + 1. Let q(n) = 3*n - 6. Let g be q(5). Suppose l - g = 4*l. Give p(l).
-2
Let l(u) = -u**3 - u**2 - u + 1. Let k(o) = 3*o**3 + 3*o**2 + 4*o - 6. Let m(f) = -k(f) - 4*l(f). Let r = -17 + 1. Let g be (-6)/(-21) + r/7. Calculate m(g).
-2
Suppose -2*c + 2 = -3*c. Let g(b) = -b**3 - 2*b. What is g(c)?
12
Let x = -1 + 2. Let d be -6*(4 + (-6)/2). Let y(v) = 10*v**3 + 2*v**2 - 13*v - 9. Let u(i) = 5*i**3 + i**2 - 7*i - 5. Let n(z) = d*y(z) + 11*u(z). What is n(x)?
-6
Suppose -2 = 2*n + 2. Let q(o) be the second derivative of -o**4/12 + o**3/6 + o**2 + o. Calculate q(n).
-4
Let y(w) = -w**3 + 5*w**2 - 5*w + 6. Suppose 0 = -5*p - 5 + 40. Let x = 11 - p. Determine y(x).
2
Let q(z) = z**3 - 3*z**2 - 2*z - 5. Let j be (-3)/(9/(-6)) + -10. Let m = j + 12. What is q(m)?
3
Let l be (-6)/(-15) - 18/(-5). Suppose -l*k + 28 = 4. Let w(c) = -c - 2. Determine w(k).
-8
Let g(w) = -w**3 + 5*w**2 + 3*w**2 - 2*w - 2*w**2 - 3*w**2 + 6. Calculate g(4).
-18
Let g(l) = -34*l + 9*l + 12*l + 1. Calculate g(-2).
27
Let w(z) = -5 + 2*z**3 - z**3 - 5*z**2 + 4*z + 0*z**3. What is w(4)?
-5
Suppose 0 = -2*v - 0*v + 12. Let u be 3/(-9)*v*-2. Let x(h) = -h**3 + 2*h**2 + 7*h - 5. Calculate x(u).
-9
Let l(c) = -5*c - 3. Let b = -13 + 11. Calculate l(b).
7
Let i(m) be the third derivative of m**4/8 + 5*m**3/3 - 33*m**2. Give i(-7).
-11
Let v(c) be the third derivative of -c**5/12 - c**4/24 + c**3/6 - 6*c**2. Let a be 2 - (0 - (1 - 2)). Determine v(a).
-5
Let c(g) = -2*g**2 + 14*g + 4. Let n be c(7). Suppose x - 15 = -4*x. Suppose 0 = x*r - 6, 3*d + n*r = 14. Let s(m) = 4*m. What is s(d)?
8
Suppose -4*h = h + 30. Let m be (-5 - h)*0/1. Let y(b) = -b + 13. Calculate y(m).
13
Let u be 1*-1*(-20)/(-4). Let j(a) = a + 4. Calculate j(u).
-1
Let q be ((-70)/(-21) - 3)/(2/36). Let r(k) = -k**3 + 5*k**2 + 6*k - 3. Give r(q).
-3
Let n(b) = 3*b - 21. Let s(c) = -3*c + 1 + 4*c - 8. Let q(l) = -3*n(l) + 8*s(l). Let f = -7 + 12. Determine q(f).
2
Let j = 8 + -40. Let q be (3/4)/((-8)/j). Let a(s) = -s**2 + 4*s - 4. Calculate a(q).
-1
Let u = 1 + 3. Let n(f) = 1 + 6*f**2 + f**3 + 2*f**3 - u*f**3 - 6*f. Suppose -3*z + 10 = -5. Determine n(z).
-4
Let q(g) = 14*g - 2 - 18*g + 6. Let j(k) = 2*k - 2. Let n(a) = -5*j(a) - 3*q(a). Calculate n(3).
4
Suppose 7*q - 4*q - 27 = 0. Let k = q + -5. Let v be ((-9)/(-12))/((-1)/k). Let g(z) = -z**3 - z**2 + 3*z - 3. Determine g(v).
6
Let r(h) = h. Let t(v) = -v. Let g(x) = -5*r(x) - 4*t(x). Suppose 12 - 24 = 2*p. Determine g(p).
6
Suppose 13 = -4*t + 3*a, 0*t - a + 1 = 2*t. Let x(j) = 46 - 89 + 8*j + 44. Give x(t).
-7
Let a(w) = -w**3 - 8*w**2 - w - 7. Let i be (-12)/(14/4 - (-4)/(-2)). Give a(i).
1
Let g(f) be the second derivative of -f**7/840 + f**6/180 + f**5/40 - f**4/8 - f**3/2 - 4*f. Let l(j) be the second derivative of g(j). Determine l(3).
-3
Let l(n) = -n**2 + 6*n - 4. Suppose 0 = -4*h - 10 + 2. Let z be (h - -4)*(-10)/(-4). Give l(z).
1
Let h(k) = 2*k**3 - 4*k**2 + 2*k + 